t common divisor of 7759542 and 6762?
294
Calculate the highest common factor of 5772099 and 3.
3
Calculate the highest common factor of 214056212 and 2152.
1076
Calculate the highest common factor of 257576 and 40744.
88
What is the greatest common factor of 31985690 and 90?
10
Calculate the highest common divisor of 69893 and 65971.
37
What is the greatest common factor of 9394 and 26360257?
77
Calculate the greatest common factor of 38561013 and 153.
9
Calculate the highest common factor of 16967262 and 10478.
338
What is the greatest common divisor of 369162 and 10134?
18
Calculate the greatest common divisor of 4628813 and 14.
7
What is the highest common factor of 3677384 and 224624?
1112
Calculate the highest common factor of 83 and 871840051.
83
Calculate the greatest common divisor of 12 and 261314644.
4
Calculate the highest common divisor of 2954 and 159051589.
211
Calculate the highest common divisor of 12136239 and 9657.
261
Calculate the highest common divisor of 16192 and 10326448.
4048
What is the greatest common divisor of 714262189 and 82?
41
Calculate the greatest common factor of 121029 and 5.
1
What is the highest common divisor of 63263 and 4970003?
1543
Calculate the highest common divisor of 18809962 and 76.
38
Calculate the greatest common factor of 715225 and 2293075.
1675
Calculate the greatest common divisor of 101726486 and 3176.
794
What is the greatest common factor of 1100657229 and 42?
21
Calculate the greatest common factor of 7887621 and 574.
287
Calculate the highest common factor of 14792160 and 3840.
480
What is the greatest common divisor of 141482 and 17110?
118
What is the highest common divisor of 13209655 and 25742?
211
Calculate the highest common factor of 107203 and 20225027.
1817
Calculate the highest common factor of 35972088 and 32.
8
What is the highest common factor of 224 and 14590856?
56
What is the greatest common factor of 1296625 and 123750?
1375
Calculate the highest common factor of 18300895 and 285.
95
Calculate the highest common divisor of 114 and 20692083.
57
What is the greatest common factor of 61523 and 10405377?
799
Calculate the greatest common divisor of 391 and 535772.
17
What is the greatest common divisor of 12171732 and 526281?
3957
What is the highest common divisor of 24352 and 72151932?
3044
Calculate the greatest common factor of 15048 and 422028.
684
What is the greatest common factor of 924470492 and 484?
484
What is the greatest common divisor of 316 and 13085402?
158
What is the greatest common factor of 6488570 and 1830?
610
What is the highest common factor of 314403648 and 416?
416
What is the greatest common factor of 1273859 and 16153?
557
What is the highest common factor of 12652346 and 644?
322
Calculate the highest common divisor of 19 and 463.
1
Calculate the highest common divisor of 2982999 and 15900.
159
What is the greatest common factor of 125372 and 217256?
52
What is the highest common factor of 18568 and 119426?
422
What is the highest common divisor of 720 and 19564920?
360
Calculate the highest common divisor of 22377672 and 108.
36
Calculate the highest common divisor of 14 and 12273646.
14
What is the highest common factor of 117484 and 52357?
1277
Calculate the highest common divisor of 8676 and 19055388.
2892
Calculate the highest common divisor of 147 and 4354231.
7
Calculate the highest common factor of 36 and 7468938.
18
Calculate the highest common divisor of 72485772 and 1164.
1164
What is the highest common divisor of 495932203 and 26?
13
What is the highest common factor of 781045 and 1085?
155
What is the highest common divisor of 596406 and 582?
6
Calculate the greatest common divisor of 94816511 and 5451.
1817
Calculate the greatest common factor of 12366 and 21474.
18
Calculate the greatest common factor of 137444732 and 388.
388
What is the highest common divisor of 1092 and 3534921?
39
What is the greatest common factor of 111 and 786065?
37
What is the greatest common divisor of 500025 and 2062050?
4425
What is the highest common factor of 212508449 and 5338?
2669
What is the highest common factor of 302700 and 874050?
150
Calculate the highest common divisor of 11 and 9844923.
11
What is the highest common divisor of 48595112 and 544?
136
What is the greatest common factor of 24704512 and 1024?
512
What is the greatest common divisor of 79391760 and 86?
86
What is the greatest common factor of 6075 and 2851200?
2025
What is the highest common factor of 4219173 and 11104?
347
Calculate the greatest common divisor of 8 and 716104856.
8
Calculate the greatest common divisor of 125212 and 11700517.
1361
What is the greatest common divisor of 15488625 and 1635125?
12875
What is the highest common factor of 476080 and 1145?
5
Calculate the greatest common factor of 565423 and 491123.
743
Calculate the highest common factor of 4764800 and 2978.
2978
What is the highest common divisor of 239 and 7531607?
239
Calculate the greatest common divisor of 196910 and 37695.
35
What is the greatest common factor of 19408 and 5174658?
2426
What is the highest common factor of 6807463 and 1547?
221
What is the highest common factor of 166024941 and 17?
17
What is the highest common divisor of 108766776 and 24?
24
What is the highest common divisor of 515 and 981055?
5
What is the greatest common divisor of 819 and 149461?
13
Calculate the greatest common factor of 3129 and 26960507.
1043
What is the greatest common factor of 824 and 1097360764?
412
Calculate the highest common divisor of 11591371 and 3554.
1777
Calculate the greatest common factor of 192 and 38152992.
96
What is the greatest common divisor of 5048176 and 13328?
784
Calculate the highest common divisor of 121 and 792968.
11
What is the greatest common divisor of 805 and 122706955?
805
Calculate the greatest common divisor of 7112182 and 70.
14
Calculate the greatest common divisor of 276045 and 10010.
385
Calculate the greatest common divisor of 663 and 3206931.
663
Calculate the greatest common divisor of 9977 and 116611.
11
Calculate the greatest common divisor of 447104 and 1504.
32
Calculate the greatest common factor of 13 and 15238132.
13
Calculate the highest common factor of 9969267 and 927.
309
What is the greatest common divisor of 160 and 9514720?
160
What is the highest common divisor of 427 and 21997577?
7
Calculate the highest common factor of 13356 and 5709213.
477
What is the highest common factor of 42 and 1990943682?
42
Calculate the greatest common divisor of 12573009 and 9855.
1971
Calculate the greatest common factor of 939515 and 5945.
205
Calculate the highest common factor of 2515 and 10345.
5
Calculate the greatest common factor of 142418 and 650.
2
Calculate the highest common divisor of 581 and 136616.
1
What is the greatest common divisor of 375 and 1105377?
3
Calculate the highest common factor of 155759 and 39074025.
5371
Calculate the greatest common factor of 124 and 69073456.
124
Calculate the highest common factor of 1939 and 41114002.
277
Calculate the greatest common factor of 545 and 271702338.
109
What is the greatest common divisor of 411677 and 593285?
161
Calculate the highest common factor of 270 and 86166.
18
What is the highest common factor of 69569944 and 152?
152
What is the highest common divisor of 637 and 4411694?
7
Calculate the highest common factor of 24983 and 893578.
581
Calculate the greatest common factor of 1004 and 183733004.
1004
What is the greatest common factor of 447034 and 93758?
518
What is the greatest common factor of 1464 and 455487?
183
What is the highest common divisor of 2710 and 2615150?
2710
Calculate the greatest common factor of 596233 and 257213.
737
Calculate the highest common divisor of 16878324 and 1956.
1956
What is the greatest common divisor of 2022 and 571243982?
674
What is the greatest common divisor of 3135 and 169748755?
1045
Calculate the greatest common factor of 567 and 46448871.
21
What is the highest common factor of 338 and 9920144?
26
What is the highest common factor of 289520 and 920?
40
What is the greatest common factor of 1178887942 and 103?
103
Calculate the greatest common divisor of 205069 and 467.
1
What is the greatest common factor of 1554 and 385602?
42
Calculate the 